hat is the greatest common factor of y and 30?
15
Let x(t) = -33*t + 179. Let f be x(4). Calculate the greatest common divisor of 188 and f.
47
Let b be (-3)/9 + (-8*(-130)/24 - -7). Let f = 8 - 5. Let x be 250*(f/(-2) + 2). What is the greatest common factor of x and b?
25
Suppose 0 = -f + 3*y + 3, 4*f - 2*y = -0*y + 32. Let q be (-214)/f*-2 - (-4)/9. Calculate the highest common factor of 272 and q.
16
Suppose 4*g - 5*f = 5*g - 144, -4*f - 375 = -3*g. Let i = -693 - -696. Calculate the highest common divisor of g and i.
3
Suppose -2058 = -103*v + 39142. Calculate the greatest common factor of v and 4240.
80
Suppose 4*i - 6*t - 5688 = 0, i - 698 - 731 = 5*t. What is the highest common factor of i and 132?
33
Let y = 31917 - 31880. What is the highest common factor of 12913 and y?
37
Suppose -2*f = -13*p + 16*p - 372, 0 = -3*f - 4*p + 561. What is the highest common divisor of f and 455?
65
Let n be (-182)/(-13) - (3 - (-1 + 1)). Suppose q = -3*a + 13, n + 7 = 2*a + 3*q. Let w be -3 - a/(6/(-28)). What is the greatest common divisor of 1 and w?
1
Let u be (-1 - -24)*(16/(-40))/((-8)/80). What is the greatest common divisor of 276 and u?
92
Let l be (-10)/(-2) - (-19)/((-190)/(-7560)). Let g = l - 695. Calculate the greatest common factor of 132 and g.
66
Suppose 135 = -999*p + 1008*p. What is the greatest common factor of 105 and p?
15
Let t be 4/(-30) + (-7814)/(-30) + (-52)/39. What is the highest common factor of t and 703?
37
Let y(u) = -u**3 + 18*u**2 + 7*u + 12. Let a be y(-4). What is the highest common divisor of a and 2608?
16
Suppose 3*h = x + 4330, -h - 88*x + 83*x = -1438. Calculate the highest common factor of h and 111.
111
Suppose -1075 = -30*h + 1715. Calculate the highest common factor of 2325 and h.
93
Suppose -a + 20 = i + 2*a, 4*a = 5*i - 100. Let y = 23 - i. Suppose -5*r + 4*h = -66, 3*r + 45 = 6*r + y*h. What is the highest common divisor of r and 154?
14
Suppose 3671 + 6889 = -15*k. Let w = k - -1144. What is the highest common divisor of w and 40?
40
Suppose -57*k - 81*k = 64*k - 5454. Calculate the highest common factor of k and 2.
1
Suppose -2*u - 2*g = -668 + 256, 5*u - 4*g - 1012 = 0. Suppose 39*a = 42*a - u. Let y be 1*-17*(9 - 10). What is the greatest common divisor of a and y?
17
Let l(h) = -2*h - 2. Let x be l(-22). Suppose 9*c - 506 = 4*c + 4*q, 0 = 2*c + 3*q - 184. Calculate the highest common divisor of c and x.
14
Suppose 3*k + 3637 + 1406 = 5*y, k + 5031 = 5*y. Calculate the highest common divisor of 15 and y.
15
Suppose 6*n = -2*n + 144. Let f be 16/(-10)*(-855)/n. Let j = f - 57. What is the greatest common factor of 133 and j?
19
Suppose 4*v = 166*c - 170*c + 16016, 4016 = v + 4*c. Calculate the greatest common divisor of v and 128.
32
Suppose 0 = 6*j + 1884 - 1908. What is the greatest common divisor of 15 and j?
1
Let w be (3 + -5)/(2/(-3)). Let k be w - (-1 + -1 - (-3 - -68)). Calculate the greatest common divisor of k and 28.
14
Let f(w) = -w**2 + 22*w - 51. Let c be f(8). Suppose 0 = -4*k - 2*v + 254, k - 5*v - 280 = -4*k. What is the highest common factor of c and k?
61
Suppose -y - 90 = 57. Let z be (-68)/(-8)*-4 + -4. Let h be z/(-14) + (-6)/(-21) - y. What is the highest common factor of h and 30?
30
Let u(r) = r + 1 + 4*r + 5*r. Let f be u(3). Suppose -2 = 2*g, -2*h - 4*g = -2*g - 246. What is the greatest common factor of h and f?
31
Suppose 3*g - 5*l - 4115 = -2*g, 5*g + 5*l = 4125. Suppose -893 - 127 = -5*r + 5*o, -4*r = 4*o - g. Calculate the highest common divisor of r and 82.
41
Suppose 105*f - 113*f + 23552 = 0. What is the highest common factor of 92 and f?
92
Let a be 0 + 3 + -4 - -172. Suppose 0 = 36*b - 118*b + 1558. What is the highest common factor of b and a?
19
Suppose 4*c + 88 = 6*c. Let x(k) = k**3 + 16*k**2 - 17*k + 44. Let w be x(-17). What is the greatest common divisor of w and c?
44
Suppose 49*c - 28 = 53*c - 4*u, 4*u - 4 = 0. Let x be 24 + 124 - (c + (-1 - -2)). Calculate the highest common divisor of x and 18.
9
Let m be (-44)/(-33) - ((-83144)/(-12))/(-1). Calculate the highest common factor of m and 14.
14
Let h be 245/(-70)*810/(-7). What is the greatest common factor of h and 306?
9
Suppose 10*k = 13*k - 558. Let m = -60 + k. Let r = m - 50. Calculate the greatest common divisor of r and 4.
4
Let y(w) = -73*w + 9. Let p be y(11). Let c = p - 81. Let x = -483 - c. Calculate the highest common factor of x and 56.
56
Let y(k) be the third derivative of k**5/12 - k**4/24 + k**3/2 - k**2. Let x be y(-3). Suppose 12*j + 6*j = 306. Calculate the highest common factor of j and x.
17
Let q = 13 - -39. Let p be (11 - 1467/27)*(-12)/10. What is the highest common factor of p and q?
52
Suppose -60*f - 810 - 228339 = -183*f. Calculate the highest common factor of f and 69.
69
Suppose 0 = -0*b + 2*b + 18. Let l(w) = -2*w**3 + 17*w**2 - 12*w + 55. Let x be l(8). Let r = x + b. What is the highest common factor of 56 and r?
14
Let w(k) = 11*k**3 - 22*k**2 + 19*k + 4. Let o be w(6). Calculate the greatest common factor of 1196 and o.
46
Let j(z) = z**2 - 2*z - 9. Let l be j(-14). Let g = -163 + l. Calculate the greatest common divisor of 52 and g.
52
Let b be -4 + 396/(-30)*-5. Suppose t = 1, -7*t + b = d - 5*t. Suppose -2*s - 2*s + 80 = 0. Calculate the greatest common divisor of d and s.
20
Let b = -847 + 1439. What is the highest common factor of b and 8?
8
Suppose -5*p = 4*p - 1460 + 164. Calculate the greatest common factor of p and 192.
48
Let v(l) = 2*l**2 + 5*l - 12. Let x be v(11). Let g = -269 + x. What is the highest common divisor of 152 and g?
8
Suppose 5*l - 2368 - 2293 = -2*c, -4711 = -2*c + 5*l. What is the highest common factor of 363 and c?
33
Suppose 106 = 5*o - 2*j, -4*o + 35 + 69 = -8*j. Let a be 750*(2 + (-12)/9). What is the greatest common factor of a and o?
20
Suppose -5*f - 2619 = 3*l, 0*f - 4*l - 2092 = 4*f. Let p = -316 - f. Let w = 4168 - 4149. Calculate the highest common divisor of p and w.
19
Let w(k) = k**3 - 6*k**2 - k - 47. Let a be w(7). Let t be -1 + 6 + a + (-1 - -157). What is the greatest common divisor of t and 195?
39
Let t(b) = -b**3 - 7*b**2 - 5*b + 12. Let k be t(-6). Suppose 0 = 4*i + 20, -4*y - i + k*i = -4669. Calculate the highest common divisor of y and 43.
43
Let f = 10 + -15. Let c(x) = -32*x - 55. Let g be c(f). Calculate the highest common factor of 63 and g.
21
Suppose 0 = -132*i - 94*i + 542626. Calculate the greatest common factor of 14 and i.
7
Let j = -22 + 34. Suppose -110*l - 72 = -114*l. Calculate the highest common divisor of l and j.
6
Suppose 334*s - 484 = 312*s. Calculate the highest common factor of s and 11.
11
Let b(k) be the second derivative of k**5/20 + 9*k**4/4 - 14*k**3/3 + 33*k**2/2 + 202*k. Let q be b(-28). Calculate the highest common divisor of 231 and q.
33
Let o = -601 + 701. Let u = -3 + 5. Suppose 2*m = -5*s + 60, -m + 48 = u*m - 3*s. What is the highest common factor of o and m?
20
Let j = -165 - -166. Let b be 0 + j/(-4) + (-28686)/(-56). What is the greatest common factor of b and 16?
16
Let v be (29/58)/((-2)/(-12)). Let g be (v/5)/((-12)/(-40)). Calculate the greatest common divisor of g and 206.
2
Let h = 203 + 687. Calculate the greatest common divisor of 40 and h.
10
Let i(c) = -4*c**2 - 51*c + 77. Let q be i(-14). Calculate the highest common divisor of q and 267.
1
Let n(p) = p**2 - 6*p + 5. Suppose z - 20 = -16. Suppose z*s + h + 6 = 33, 3*s - 25 = 4*h. Let j be n(s). Calculate the greatest common factor of 30 and j.
6
Suppose -57*w + 85*w = 58*w - 671580. Calculate the highest common divisor of 42 and w.
42
Let j = -2559 - -2587. Calculate the highest common factor of 4788 and j.
28
Let i(u) = 16*u**3 + 12*u + 20. Let g be i(-3). Let z = g + 544. Calculate the greatest common factor of 624 and z.
48
Let g be (140/42)/(-2 + (-272)/(-135)). Let r = g + -16. What is the highest common factor of 57 and r?
19
Suppose i = -4*c - 341, -3*c + 1696 = -5*i - 55. Let z = i - -356. Calculate the highest common factor of z and 49.
7
Let v = 4079 - 3551. Calculate the highest common divisor of 360 and v.
24
Let k(a) = -258*a - 4875. Let o be k(-19). What is the highest common factor of 2259 and o?
9
Suppose 4*s + 65 = 365. Suppose 0 = 4*z - 8, -387*j = -383*j + 5*z - 130. What is the highest common 